4560?
True
Is 101991933 a multiple of 64?
False
Is 16031753 a multiple of 165?
False
Does 99 divide 120296088?
True
Does 2655 divide 633119367?
False
Is 3055890 even?
True
Does 88 divide 333872402?
False
Does 18 divide 5830594920?
True
Is 24254139 a multiple of 273?
True
Is 676866322 a multiple of 638?
True
Does 21 divide 2525708136?
True
Does 18 divide 2167832222?
False
Is 55 a factor of 5208181?
False
Is 28642728 a multiple of 456?
True
Is 52128061 a multiple of 96?
False
Is 4100226 a multiple of 39?
True
Is 12 a factor of 982332696?
True
Is 118293070 a multiple of 37?
True
Is 616 a factor of 1155513128?
True
Does 80 divide 1363503760?
True
Is 23013440 a multiple of 64?
True
Is 74960999 a multiple of 449?
True
Is 811448808 a multiple of 3288?
True
Does 9022 divide 1086276846?
False
Is 431 a factor of 15199215?
True
Does 120 divide 146853115?
False
Is 907 a factor of 3474717?
True
Does 16 divide 3205927?
False
Does 29 divide 231352183?
False
Is 12854 a factor of 86432264?
False
Is 69466501 a multiple of 481?
True
Does 14 divide 71610279?
False
Is 16005992 a multiple of 236?
True
Does 130 divide 143765613?
False
Does 89 divide 115142860?
True
Does 2246 divide 133727394?
False
Does 5 divide 5659670?
True
Does 101 divide 101091304?
True
Is 179 a factor of 4538724?
True
Is 15714273 a multiple of 57?
True
Is 23847082 a multiple of 10?
False
Is 1366 a factor of 139554884?
False
Is 953 a factor of 1587015170?
False
Is 24 a factor of 1309536?
True
Is 15 a factor of 2192520?
True
Is 988664679 a multiple of 31?
True
Does 153 divide 470031606?
True
Is 96 a factor of 56814221?
False
Is 33035742 a multiple of 1146?
True
Is 24091905 a multiple of 3?
True
Is 75495355 a multiple of 13?
True
Is 3989471 a multiple of 60?
False
Is 26 a factor of 328789448?
True
Is 1193477109 a multiple of 11?
True
Does 112 divide 10218768?
True
Is 56358627 a multiple of 8?
False
Is 687344374 a multiple of 391?
True
Is 205 a factor of 677079330?
True
Is 737930112 a multiple of 1832?
False
Does 2 divide 32022578?
True
Is 53 a factor of 236691958?
True
Is 229 a factor of 877181981?
True
Does 21 divide 18949161?
True
Is 270805 a multiple of 41?
True
Is 49 a factor of 1701302267?
False
Is 6 a factor of 3609072?
True
Does 1112 divide 165524129?
False
Is 3 a factor of 5433673?
False
Does 2693 divide 989214304?
True
Is 1660995 a multiple of 35?
True
Does 38 divide 585684941?
False
Is 2425 a factor of 160240396?
False
Does 16 divide 386058448?
True
Is 77802948 a multiple of 18?
True
Does 27 divide 1776303?
True
Is 7 a factor of 91258234?
False
Is 36 a factor of 18595564?
False
Is 53 a factor of 8618973?
False
Does 4382 divide 166941054?
True
Is 26 a factor of 60306246?
True
Is 182663250 a multiple of 154?
True
Is 2 a factor of 55724260?
True
Is 3 a factor of 8851150?
False
Is 2062 a factor of 286975651?
False
Is 1115 a factor of 642244695?
False
Does 247 divide 1779461?
False
Does 31 divide 224160662?
False
Is 24017060 a multiple of 218?
True
Is 310 a factor of 22487090?
True
Is 13 a factor of 756835729?
True
Is 10 a factor of 104663190?
True
Is 391 a factor of 338343248?
True
Is 30 a factor of 50769219?
False
Does 3871 divide 51468337?
False
Does 2000 divide 148764000?
True
Is 27923700 a multiple of 30?
True
Does 54 divide 27709171?
False
Does 6697 divide 693274600?
False
Does 154 divide 175667158?
False
Is 239 a factor of 4194015?
False
Is 2062 a factor of 8041186?
False
Does 261 divide 30069288?
True
Is 523 a factor of 102071?
False
Does 96 divide 1181012641?
False
Is 58718381 a multiple of 491?
False
Does 685 divide 11926873?
False
Does 23 divide 58236230?
True
Is 119186676 a multiple of 905?
False
Is 13 a factor of 632869970?
False
Does 6 divide 118290342?
True
Is 56835348 a multiple of 82?
True
Is 41491646 a multiple of 157?
True
Is 185 a factor of 53070276?
False
Is 98786150 a multiple of 230?
True
Does 91 divide 10293556?
True
Is 56772927 a multiple of 227?
True
Is 161 a factor of 299764612?
True
Is 27 a factor of 140688630?
True
Does 676 divide 26324030?
False
Is 1394511500 a multiple of 25?
True
Is 9 a factor of 502461521?
False
Does 204 divide 106665480?
True
Does 2755 divide 46206831?
False
Is 100439196 a multiple of 4114?
True
Is 30806640 a multiple of 290?
False
Does 1306 divide 63848281?
False
Does 499 divide 24836838?
False
Is 5246 a factor of 624893028?
True
Is 63131583 a multiple of 111?
True
Is 400557198 a multiple of 2856?
False
Does 2174 divide 54215798?
False
Does 4 divide 17256003?
False
Is 876 a factor of 19317552?
True
Does 13 divide 895507457?
True
Does 262 divide 171058405?
False
Is 932 a factor of 15330203?
False
Is 1575483667 a multiple of 59?
True
Is 19 a factor of 214699679?
False
Is 22580712 a multiple of 1848?
True
Is 2147690 a multiple of 25?
False
Is 50 a factor of 240736500?
True
Does 1289 divide 12437561?
True
Is 8544184 a multiple of 604?
True
Does 13 divide 1253706142?
True
Is 59586082 a multiple of 673?
False
Is 600447030 a multiple of 87?
True
Does 1530 divide 3313207252?
False
Does 59 divide 647000116?
False
Does 12 divide 48257808?
True
Is 21 a factor of 345465078?
True
Is 7 a factor of 125410684?
True
Does 1565 divide 56529365?
True
Does 65 divide 5272215?
True
Is 1591 a factor of 738703469?
False
Does 30 divide 99134724?
False
Does 18 divide 4456259941?
False
Is 4 a factor of 45112424?
True
Is 9 a factor of 1110834252?
True
Does 183 divide 25509468?
True
Does 3 divide 422792129?
False
Is 7252906 a multiple of 203?
False
Is 343 a factor of 3989992745?
False
Does 214 divide 2198320136?
True
Is 163080296 a multiple of 61?
False
Does 13 divide 358332832?
True
Does 1171 divide 6903178?
False
Is 17 a factor of 1091570588?
False
Is 754804 a multiple of 2?
True
Does 104 divide 14264016?
True
Does 349 divide 203170407?
False
Does 624 divide 61610640?
True
Does 25 divide 705269993?
False
Is 182 a factor of 958538672?
True
Is 591 a factor of 1859090758?
False
Does 164 divide 1750495779?
False
Does 10 divide 1137877843?
False
Is 1545 a factor of 22346880?
True
Is 482 a factor of 231081318?
False
Does 496 divide 593195664?
True
Is 26448196 a multiple of 31?
False
Does 8 divide 47615518?
False
Is 19 a factor of 31341968?
False
Is 984 a factor of 7147076?
False
Is 1676283 a multiple of 7?
True
Does 246 divide 221120052?
True
Is 20807339 a multiple of 9?
False
Is 163 a factor of 2810033610?
True
Is 2343854407 a multiple of 853?
False
Does 28 divide 244197128?
True
Does 12 divide 40368062?
False
Is 38071427 a multiple of 1600?
False
Does 3221 divide 706455590?
False
Is 4815739164 a multiple of 19?
True
Does 422 divide 121435564?
True
Is 171021952 a multiple of 128?
True
Is 687 a factor of 197870427?
True
Is 204828224 a multiple of 620?
False
Does 78 divide 110519214?
True
Does 248 divide 305763693?
False
Is 50 a factor of 41272500?
True
Does 13 divide 157137721?
True
Does 47 divide 349338028?
True
Is 30139424 a multiple of 9?
False
Is 2899 a factor of 1899505972?
True
Is 111015036 a multiple of 44?
True
Is 2235 a factor of 196279233?
False
Does 9 divide 103535280?
True
Is 12 a factor of 127634519?
False
Is 1104 a factor of 884087071?
False
Does 119 divide 670160?
False
Is 522 a factor of 169319574?
True
Does 28 divide 974762635?
False
Does 2252 divide 38929139?
False
Does 4 divide 37211180?
True
Is 48 a factor of 7547760?
True
Does 36 divide 82812168?
True
Is 1140128700 a multiple of 3?
True
Does 6 divide 3902904?
True
Does 8 divide 16733365?
False
Is 11578456 a multiple of 193?
True
Is 1309 a factor of 16290505?
True
Is 610880272 a multiple of 384?
False
Is 22271897 a multiple of 41?
True
Is 45 a factor of 101472165?
True
Does 39 divide 80458599?
True
Does 984 divide 27975120?
True
Does 658 divide 53010870?
False
Is 98 a factor of 2196328361?
False
Is 1423 a factor of 14251345?
True
Is 12928670 a multiple of 59?
True
Is 118171377 a multiple of 20?
False
Is 166 a factor of 89325401?
False
Is 14 a factor of 328001058?
True
Is 12 a factor of 116683729?
False
Is 173 a factor of 45537987?
False
Does 58 divide 3856660352?
True
Is 806495648 a multiple of 14?
True
Is 18066892 a multiple of 226?
True
Is 26 a factor of 2480400?
True
Is 4632 a factor of 3329468050?
False
Does 318 divide 1591204486?
False
Is 1928 a factor of 233658779?
False
Does 27 divide 48704714